 36. Let f(u) = 28*u**2 + 150*u + 109. Let h(c) = 6*f(c) + 17*j(c). Calculate h(19).
-53
Let a(r) = 23*r**3 + 10*r**2 + 13*r - 10. Let f(v) = -43*v**3 - 18*v**2 - 25*v + 18. Let u(b) = 15*a(b) + 8*f(b). What is u(-5)?
44
Let o(m) = m**3 - 11*m**2 - 14*m - 6. Let u be 19012/784 - (-1)/4*-1. Suppose u*c - 102 = 186. Calculate o(c).
-30
Suppose -t = -6*t + 20. Suppose -3 = -3*a + 5*r - 0*r, -4*a = 4*r - 36. Let k(y) = 7*y**2 - 4*y + a - 8*y**2 + 4*y - 2*y. What is k(t)?
-18
Let s(b) = -b - 7. Let u = 33 - 4. Suppose -3*n + u + 49 = 0. Suppose n + 19 = -5*a. Determine s(a).
2
Let x(g) = -11 + 30*g - 14*g - 2*g - 13*g. Suppose -3*l + 39 - 3 = 0. What is x(l)?
1
Let x = 5995 + -6007. Let q(b) = -b**2 - 11*b - 28. Give q(x).
-40
Let a(p) be the second derivative of 0 + 0*p**3 - 1/30*p**5 + 1/720*p**6 + 0*p**2 - 9*p + 1/4*p**4. Let u(q) be the third derivative of a(q). Determine u(3).
-1
Suppose 19*m - 42 = 5*m. Suppose 0*f + m*f = -2*f. Suppose b - 5*a + 13 = 0, f*b + 2*b + 4*a = 16. Let o(d) = -2*d**2 + d + 2. What is o(b)?
-4
Let p = -17 - -20. Suppose -p*n = -3*q + 9, -13 = 3*n - 3*q + 2*q. Let f(t) = -17*t**2 + 2*t**2 + t**3 + 11*t**2 + 2*t - 5 + 9*t**2. Give f(n).
-15
Let u(c) = -3*c**2 + 29*c - 69. Let j(k) = -4*k**2 + 30*k - 69. Let m(g) = -2*j(g) + 3*u(g). Determine m(24).
3
Let y(b) be the second derivative of b**2 - 3*b - 1/12*b**4 + 0 - 1/6*b**3. Suppose 0 = -u - 3*a + 11, -5*u + 19 = 3*a - 0. Determine y(u).
-4
Let q = 757/18 - 374/9. Let f(w) be the first derivative of q*w**2 + w + 15 - 8/3*w**3. Give f(-1).
-8
Let f = -48 + 50. Let a(y) = -1 + 10 - 11 - f*y. Suppose 3*d - 15 = 3*k, -2*k + 3*d + d = 16. Give a(k).
2
Let r = 298 - 296. Let x(l) = l**3 - 18 + 7486*l**r + 4 - 7486*l**2. Let j = -27 - -27. Give x(j).
-14
Let u(k) be the first derivative of -k**4 + k**2/2 + k + 112. Suppose -31*w + 35*w = -8. Give u(w).
31
Suppose -29*v + 33*v + 4 = 0, -5*w = 4*v + 9. Let d(k) = 2*k**3 + k**2 - 2*k + 3. Let t(g) = -g**2 + g - 1. Let c(o) = -d(o) - 2*t(o). Calculate c(w).
2
Suppose t - 9 = -f, 2*t - 2 - 31 = -5*f. Let p(s) = 0*s + 103 - 108 + f*s + s. What is p(4)?
19
Let h be (4/(-8)*4)/2. Let s(r) = -r - 1. Let m(b) = -16*b - 3. Let a(d) = h*m(d) + 4*s(d). Calculate a(-1).
-13
Let y(u) = -29*u**2 - 8*u - 7. Let q(x) = 232*x**2 + 65*x + 56. Let d(w) = -2*q(w) - 17*y(w). Calculate d(-1).
30
Let y be (1 + 1/1)/2. Suppose 197 = -2*f + 193. Let o(m) = -5*m - 1. Let a(x) = -6*x - 3. Let z(l) = f*o(l) + a(l). What is z(y)?
3
Let u = -153 + 160. Let w(r) = -10*r**2 + 11*r + 5. Let v(l) = -7*l**2 + 7*l + 3. Let b(n) = u*v(n) - 5*w(n). Give b(6).
-4
Let j(w) = -84*w + 588. Let a be j(7). Let b(g) = g**3 + g**2 + 2*g + 36. Determine b(a).
36
Let i = 42 + -48. Let x(a) = 5*a**2 + 4*a - 2. Let w(j) = j**2 - j. Let r(k) = i*w(k) + x(k). Calculate r(11).
-13
Suppose 12 = 3*s, 4*q - 9*q - 2*s + 13 = 0. Let a(u) = 15 - q - 11 + u**2 - u. What is a(3)?
9
Let v(c) = 2*c - 4. Let u(s) = 12*s - 113. Let y(z) = -u(z) - 5*v(z). Calculate y(6).
1
Let a(p) = p - 9. Suppose -4*n = -2*t - 8*n + 88, -5*t + 5*n = -280. Suppose -o = -4*c + 31, 6*o = -3*c + o + t. Calculate a(c).
0
Let t = 11013 - 11009. Let m(j) be the second derivative of -4*j**2 + 0 + 1/12*j**t - 1/3*j**3 + 6*j. What is m(7)?
27
Let c(a) = -4*a - 48. Let g be (-26 + 1470/63)*30/4. Determine c(g).
32
Let x(b) be the first derivative of -8*b**2 - 15*b + 3566. Calculate x(7).
-127
Suppose 3*j + 4*i - 3 = -16, 5*j + 5*i = -30. Let n(s) = s**2 + 7*s - 14. Let u be n(-8). Let d = j - u. Let o(y) = y - 2. What is o(d)?
-7
Let o(x) = x**3 - 12*x**2 + 33*x - 8. Suppose a - 4 + 15 = 2*j, 52 = 4*j + 4*a. Calculate o(j).
0
Let v(l) = -79*l - 192. Let p(b) = 93*b + 193. Let d(u) = 3*p(u) + 4*v(u). Calculate d(-5).
-4
Suppose -36*l - 17*l - 68 = -36*l. Let y(i) = i**3 + 4*i**2 + 1. What is y(l)?
1
Let h = -3 + 17. Suppose 390*w - h = 392*w. Let x(q) = q**2 + 6*q - 3. Calculate x(w).
4
Let s(h) = -h**2 + 34*h + 78. Suppose 0 = f + 3*g - 42, 62 + 56 = 3*f + 5*g. Calculate s(f).
6
Let b(o) be the third derivative of o**5/60 - o**4/24 - 3*o**3/2 - o**2 - 284*o. Let a = 2 + -2. What is b(a)?
-9
Let b(u) = -3*u**2 + 14*u + 10. Let t = -342 - -347. Let z be b(t). Let k(h) = h**3 - 3*h**2 - 5*h - 1. Give k(z).
24
Let p(f) be the second derivative of f**4/12 + 4*f**3/3 + 13*f**2/2 + 9*f - 48. Give p(-2).
1
Let v(h) = 16*h - 215. Let z(o) = 49*o - 655. Let x(k) = -7*v(k) + 2*z(k). What is x(14)?
-1
Let g(s) be the second derivative of -8*s**3/3 + 4*s**2 + 43*s. Let k(w) = 7*w - 3. Let n(j) = 4*g(j) + 9*k(j). Determine n(10).
-5
Suppose -11*f + 29 = 7. Let z(s) = 0*s + 0*s - s**2 - 7*s + 3 + 2*s - f. Determine z(-6).
-5
Let z be 22/(20/15*(-3)/2). Let o(t) = -2*t - 20. Let d be o(z). Let a be -4 + d - -2 - -4. Let x(h) = h**2 - 5*h + 4. Determine x(a).
0
Let s be (70/15 + -5)/((-3)/(2*18)). Let a(v) = 1 + 0 - 1 + v**2. Let t(b) = 2*b**2 + b. Let p(g) = -5*a(g) + 2*t(g). Calculate p(s).
-8
Let k(o) = o**3 + 3*o**2 - 2*o - 7. Suppose 3*y - y = -5*l + 9, -5*y + 4*l = 27. Let h be k(y). Let c(t) = 8*t**2 + t + 0*t + 0*t. Determine c(h).
7
Let n(d) be the second derivative of -d**4/12 + 8*d**3/3 - 23*d**2 - 10*d. What is n(12)?
2
Let k = -6 + -2. Let i(g) be the first derivative of -g**3/3 - 3*g**2 - 8*g + 9748. Calculate i(k).
-24
Let i = -76 - -196. Let f(a) = -122*a**2 - i*a**2 - 4*a + 245*a**2 + 4. Give f(2).
8
Let d(j) = j**3 - j**2 + j + 26. Let x be ((-202)/4 + -3)/(2/(-4)). Let o = -125 + x. Let p be (-4 + o/4*-1)*0. Give d(p).
26
Let z(u) = u**3 + 9*u**2 - 12*u + 9. Let n be 6492/162 + 8/(-108). Suppose -14*f = -10*f + n. What is z(f)?
29
Suppose 2*z + z + 2*t - 30 = 0, -6 = -2*t. Suppose 2*q - 4*c = 22, 5*c - 15 = 2*q - 38. Let o(f) = -12 + 22*f**2 - 16*f**2 + q*f - 7*f**2. Give o(z).
-4
Let a(m) = 5*m**2 - 8*m - 2. Let d(c) = 22*c**2 - 31*c - 11. Let s(r) = 9*a(r) - 2*d(r). What is s(7)?
-17
Let b(x) be the third derivative of -x**6/120 + 19*x**5/30 + 37*x**4/24 + 31*x**3/2 - x**2 + 15*x + 53. Determine b(39).
15
Let d be (9/5)/((-12)/(-40)). Let x be -2 + -10*14/(-35). Let r(m) = m + 400 + 6*m**x - 3*m - 396 - m**3. Determine r(d).
-8
Let f(t) = 16*t - 4*t**2 + 0*t**2 + 5*t**2 - 6*t. Let s(c) = 4*c - 41. Let p be s(12). Suppose l - p*k = -5*k - 5, -2*l = -5*k + 8. What is f(l)?
-9
Let u be 2/8 + (-14)/(-8). Suppose 0 = -5*z + u + 3. Suppose 2*p + w + 4 + z = 0, 4*p + 19 = -5*w. Let j(c) = 3*c - 1. Calculate j(p).
-4
Let r(o) = -o**2 + 3*o + 3. Let z(a) = a**2 - 10*a + 13. Suppose -13*c + 1 + 116 = 0. Let l be z(c). Calculate r(l).
-1
Let x = 117 - 115. Let v(h) = 0*h + 3*h + 6 - 1 - x*h + 6*h. Give v(-2).
-9
Let t(i) = 5*i**3 - 27*i**2 + 18*i - 8. Let g be t(5). Let a(p) = -2*p**2 + 69*p - 151. Calculate a(g).
9
Let j(f) = -f - 7. Let i(k) = 5*k - 17. Let u(b) = 4*b - 16. Let h(l) = -5*i(l) + 6*u(l). Let x(o) = 5*h(o) - 8*j(o). What is x(-3)?
-8
Let a(s) = -s**2 - 381*s + 30532. Let k be a(68). Let g = -1 - -1. Let u(b) = 3 - b**3 + g - 1. Calculate u(k).
2
Let u(c) = -c**3 + 12*c**2 + 14*c + 20. Let p(w) = w**2 - 80*w + 713. Let q be p(10). Determine u(q).
33
Suppose 33 = -3*v + 39. Suppose -2*o + 6*o - 4 = 0, -12 = -v*y - 4*o. Let x(a) = y*a - 7*a - 4 + 7*a. Determine x(3).
8
Let m(i) = -i**2 + 27*i - 58. Suppose a - 3 = -10, 3*d + 2*a - 61 = 0. What is m(d)?
-8
Let u = -218 + 228. Let a(n) = 1 + 11*n - u - 31*n + 11*n + 4*n. Determine a(-6).
21
Let m(h) = -658*h - 686*h - h**3 - 132 + 1315*h + 34*h**2. Give m(33).
0
Let w(z) = -z - 53. Let i(k) = k - 52. Let u(s) = i(s) - w(s). Suppose 1 = 3*r - 11. Give u(r).
9
Let k(a) be the second derivative of -49*a + 2 + 1/12*a**4 + 1/2*a**2 + 1/3*a**3. Calculate k(-3).
4
Let g(t) = 5*t - 71. Let u(a) = 6*a**2 - 10*a - 30. Let l be u(-2). Calculate g(l).
-1
Let o be (-5)/((-10)/24*3). Suppose o*a - 136 = 21*a. Let b(h) = h**2 + 9*h + 7. What is b(a)?
-1
Let n(a) = -a - 15. Let c(h) = -h**3 + 13*h**2 - 9*h + 11. Let k be c(12). Let m = k + -55. What is n(m)?
-7
Let k(g) be the first derivative of g**4/4 - 34*g**3/3 + 47*g**2 - 34*g - 2749. What is k(31)?
-3
Let g(m) = 33*m**2 - 5*m. Let x(y) = y**2 - 2*y + 1. Let c(b) = 62*b**2 - 5*b - 4. Let a(d) = -c(d) - 4*x(d). Let u(j) = 2*a(j) + 5*g(j). Determine u(1).
34
Suppose 62*w + 60 = 4*d + 66*w, 4*d - 5*w = 42. Let r(o) = o**3